{"id":15694,"date":"2020-02-14T10:06:06","date_gmt":"2020-02-14T10:06:06","guid":{"rendered":"http:\/\/cio.edu.umh.es\/?page_id=15694"},"modified":"2020-02-14T10:06:06","modified_gmt":"2020-02-14T10:06:06","slug":"piday2020","status":"publish","type":"page","link":"https:\/\/cio.umh.es\/en\/piday2020\/","title":{"rendered":"Pi Day 2020"},"content":{"rendered":"<p>[:es][et_pb_section admin_label=\u00bbsection\u00bb transparent_background=\u00bbon\u00bb allow_player_pause=\u00bboff\u00bb inner_shadow=\u00bboff\u00bb parallax=\u00bboff\u00bb parallax_method=\u00bboff\u00bb padding_mobile=\u00bboff\u00bb make_fullwidth=\u00bboff\u00bb use_custom_width=\u00bboff\u00bb width_unit=\u00bbon\u00bb make_equal=\u00bboff\u00bb use_custom_gutter=\u00bboff\u00bb][et_pb_row admin_label=\u00bbrow\u00bb make_fullwidth=\u00bboff\u00bb use_custom_width=\u00bboff\u00bb width_unit=\u00bbon\u00bb use_custom_gutter=\u00bboff\u00bb padding_mobile=\u00bboff\u00bb background_image=\u00bbhttps:\/\/cio.umh.es\/files\/2020\/02\/fondo-pizarra-matematicas-realista_23-2148163817.jpg\u00bb allow_player_pause=\u00bboff\u00bb parallax=\u00bboff\u00bb parallax_method=\u00bboff\u00bb make_equal=\u00bboff\u00bb parallax_1=\u00bboff\u00bb parallax_method_1=\u00bboff\u00bb column_padding_mobile=\u00bbon\u00bb][et_pb_column type=\u00bb4_4&#8243;][et_pb_text admin_label=\u00bbTexto\u00bb background_layout=\u00bblight\u00bb text_orientation=\u00bbleft\u00bb use_border_color=\u00bboff\u00bb border_color=\u00bb#ffffff\u00bb border_style=\u00bbsolid\u00bb]<br \/>\n[\/et_pb_text][\/et_pb_column][\/et_pb_row][et_pb_row admin_label=\u00bbFila\u00bb][et_pb_column type=\u00bb1_2&#8243;][et_pb_text admin_label=\u00bbTexto\u00bb background_layout=\u00bblight\u00bb text_orientation=\u00bbleft\u00bb use_border_color=\u00bboff\u00bb border_color=\u00bb#ffffff\u00bb border_style=\u00bbsolid\u00bb]<br \/>\nEste a\u00f1o, la UNESCO proclam\u00f3 el d\u00eda 14\u00a0de marzo\u00a0como el D\u00eda Internacional de la Matem\u00e1tica. Conocido tambi\u00e9n como el d\u00eda de Pi, es celebrado en muchos pa\u00edses. Es por ello, que desde el CIO, queremos\u00a0celebrar la belleza e importancia de la matem\u00e1tica, y su rol esencial en la vida de todos.<br \/>\n[\/et_pb_text][et_pb_text admin_label=\u00bbTexto\u00bb background_layout=\u00bblight\u00bb text_orientation=\u00bbleft\u00bb use_border_color=\u00bboff\u00bb border_color=\u00bb#ffffff\u00bb border_style=\u00bbsolid\u00bb]<br \/>\nEl d\u00eda <strong>18 de marzo<\/strong> estar\u00e1 con nosotros<a href=\"https:\/\/www.linkedin.com\/in\/antonio-vicente-contreras-2727aa25\/?originalSubdomain=es\" target=\"_blank\" rel=\"noopener noreferrer\"><strong> Antonio Vicente Contreras<\/strong><\/a>, CEO AI TALENTUM &amp; IOTICS SOLUTIONS, impartiendo la charla\u00a0\u00abLas Matem\u00e1ticas est\u00e1n en todas partes\u00bb.<br \/>\nDicho evento tendr\u00e1 lugar a las <strong>10:00 horas en las aulas 0.1 y 0.2 del edificio Torretamarit<\/strong> en el Campus de la UMH de Elche. Adem\u00e1s, contaremos con un peque\u00f1o descanso para comer galletas en forma de pi acompa\u00f1adas de un delicioso chocolate caliente.<br \/>\n[box type=\u00bbbio\u00bb] <strong>Sobre Antonio Vicente Contreras: ITC expert and solid knowledge in economics and business . Degree in Economics at the University of Murcia and PhD studies in maths, engineering and computer science, with proven ability to manage multidisciplinary teams in technological companies. Working as a data scientist in \u00abArtificial Intelligence Talentum\u201d focused on Internet of Things projects.[\/box] <\/strong><br \/>\n<strong>SOBRE AI TALENTUM:<\/strong><br \/>\nEn <a href=\"http:\/\/www.aitalentum.com\" target=\"_blank\" rel=\"noopener noreferrer\">Artificial Intelligence Talentum<\/a> son\u00a0expertos en el dise\u00f1o y desarrollo de algoritmos de inteligencia artificial para modelos de predicci\u00f3n. Sus\u00a0sistemas expertos con capacidad de aprendizaje autom\u00e1ticos facilitan y automatizan el proceso de toma de decisiones en diferentes \u00e1mbitos de aplicaci\u00f3n.<br \/>\nSu\u00a0experiencia se centra en cuatro \u00e1reas de inter\u00e9s: Finanzas, Energ\u00eda, Industria 4.0 e Internet de las cosas.<br \/>\n\u00cdNSCRIBETE AQU\u00cd:\u00a0<a href=\"https:\/\/docs.google.com\/forms\/d\/1skRXvK3yHMlH276Gg5_rxcLEfncA9wVbTGiz2DPzcKk\/edit\" target=\"_blank\" data-saferedirecturl=\"https:\/\/www.google.com\/url?q=https:\/\/docs.google.com\/forms\/d\/1skRXvK3yHMlH276Gg5_rxcLEfncA9wVbTGiz2DPzcKk\/edit&amp;source=gmail&amp;ust=1583231980895000&amp;usg=AFQjCNG9fniR5TUQ0-UgkkIjQ8V7OPxtCw\" rel=\"noopener noreferrer\">https:\/\/docs.google.com\/forms\/d\/1skRXvK3yHMlH276Gg5_rxcLEfncA9wVbTGiz2DPzcKk<\/a><br \/>\n[\/et_pb_text][\/et_pb_column][et_pb_column type=\u00bb1_2&#8243;][et_pb_image admin_label=\u00bbImagen\u00bb src=\u00bbhttps:\/\/cio.umh.es\/files\/2020\/02\/Agregar-un-t\u00edtulo-1.png\u00bb show_in_lightbox=\u00bboff\u00bb url_new_window=\u00bboff\u00bb use_overlay=\u00bboff\u00bb animation=\u00bbleft\u00bb sticky=\u00bboff\u00bb align=\u00bbleft\u00bb force_fullwidth=\u00bboff\u00bb always_center_on_mobile=\u00bbon\u00bb use_border_color=\u00bboff\u00bb border_color=\u00bb#ffffff\u00bb border_style=\u00bbsolid\u00bb]<br \/>\n[\/et_pb_image][\/et_pb_column][\/et_pb_row][\/et_pb_section][:]<\/p>","protected":false},"excerpt":{"rendered":"<p>[:es][et_pb_section admin_label=\u00bbsection\u00bb transparent_background=\u00bbon\u00bb allow_player_pause=\u00bboff\u00bb inner_shadow=\u00bboff\u00bb parallax=\u00bboff\u00bb parallax_method=\u00bboff\u00bb padding_mobile=\u00bboff\u00bb make_fullwidth=\u00bboff\u00bb use_custom_width=\u00bboff\u00bb width_unit=\u00bbon\u00bb make_equal=\u00bboff\u00bb use_custom_gutter=\u00bboff\u00bb][et_pb_row admin_label=\u00bbrow\u00bb make_fullwidth=\u00bboff\u00bb use_custom_width=\u00bboff\u00bb width_unit=\u00bbon\u00bb use_custom_gutter=\u00bboff\u00bb padding_mobile=\u00bboff\u00bb background_image=\u00bbhttps:\/\/cio.umh.es\/files\/2020\/02\/fondo-pizarra-matematicas-realista_23-2148163817.jpg\u00bb allow_player_pause=\u00bboff\u00bb parallax=\u00bboff\u00bb parallax_method=\u00bboff\u00bb make_equal=\u00bboff\u00bb parallax_1=\u00bboff\u00bb parallax_method_1=\u00bboff\u00bb column_padding_mobile=\u00bbon\u00bb][et_pb_column type=\u00bb4_4&#8243;][et_pb_text admin_label=\u00bbTexto\u00bb background_layout=\u00bblight\u00bb text_orientation=\u00bbleft\u00bb use_border_color=\u00bboff\u00bb border_color=\u00bb#ffffff\u00bb border_style=\u00bbsolid\u00bb]<br \/>\n[\/et_pb_text][\/et_pb_column][\/et_pb_row][et_pb_row admin_label=\u00bbFila\u00bb][et_pb_column type=\u00bb1_2&#8243;][et_pb_text admin_label=\u00bbTexto\u00bb background_layout=\u00bblight\u00bb text_orientation=\u00bbleft\u00bb use_border_color=\u00bboff\u00bb border_color=\u00bb#ffffff\u00bb border_style=\u00bbsolid\u00bb]<br \/>\nEste a\u00f1o, la UNESCO proclam\u00f3 el d\u00eda 14\u00a0de marzo\u00a0como el D\u00eda Internacional de la [&#8230;]<\/p>","protected":false},"author":6202,"featured_media":0,"parent":0,"menu_order":0,"comment_status":"open","ping_status":"open","template":"","meta":{"_links_to":"","_links_to_target":""},"categories":[],"tags":[],"_links":{"self":[{"href":"https:\/\/cio.umh.es\/en\/wp-json\/wp\/v2\/pages\/15694"}],"collection":[{"href":"https:\/\/cio.umh.es\/en\/wp-json\/wp\/v2\/pages"}],"about":[{"href":"https:\/\/cio.umh.es\/en\/wp-json\/wp\/v2\/types\/page"}],"author":[{"embeddable":true,"href":"https:\/\/cio.umh.es\/en\/wp-json\/wp\/v2\/users\/6202"}],"replies":[{"embeddable":true,"href":"https:\/\/cio.umh.es\/en\/wp-json\/wp\/v2\/comments?post=15694"}],"version-history":[{"count":0,"href":"https:\/\/cio.umh.es\/en\/wp-json\/wp\/v2\/pages\/15694\/revisions"}],"wp:attachment":[{"href":"https:\/\/cio.umh.es\/en\/wp-json\/wp\/v2\/media?parent=15694"}],"wp:term":[{"taxonomy":"category","embeddable":true,"href":"https:\/\/cio.umh.es\/en\/wp-json\/wp\/v2\/categories?post=15694"},{"taxonomy":"post_tag","embeddable":true,"href":"https:\/\/cio.umh.es\/en\/wp-json\/wp\/v2\/tags?post=15694"}],"curies":[{"name":"wp","href":"https:\/\/api.w.org\/{rel}","templated":true}]}}

<p>[:es][et_pb_section admin_label=»section» transparent_background=»on» allow_player_pause=»off» inner_shadow=»off» parallax=»off» parallax_method=»off» padding_mobile=»off» make_fullwidth=»off» use_custom_width=»off» width_unit=»on» make_equal=»off» use_custom_gutter=»off»][et_pb_row admin_label=»row» make_fullwidth=»off» use_custom_width=»off» width_unit=»on» use_custom_gutter=»off» padding_mobile=»off» background_image=»https://cio.umh.es/files/2020/02/fondo-pizarra-matematicas-realista_23-2148163817.jpg» allow_player_pause=»off» parallax=»off» parallax_method=»off» make_equal=»off» parallax_1=»off» parallax_method_1=»off» column_padding_mobile=»on»][et_pb_column type=»4_4&#8243;][et_pb_text admin_label=»Texto» background_layout=»light» text_orientation=»left» use_border_color=»off» border_color=»#ffffff» border_style=»solid»]<br />
[/et_pb_text][/et_pb_column][/et_pb_row][et_pb_row admin_label=»Fila»][et_pb_column type=»1_2&#8243;][et_pb_text admin_label=»Texto» background_layout=»light» text_orientation=»left» use_border_color=»off» border_color=»#ffffff» border_style=»solid»]<br />
Este año, la UNESCO proclamó el día 14 de marzo como el Día Internacional de la Matemática. Conocido también como el día de Pi, es celebrado en muchos países. Es por ello, que desde el CIO, queremos celebrar la belleza e importancia de la matemática, y su rol esencial en la vida de todos.<br />
[/et_pb_text][et_pb_text admin_label=»Texto» background_layout=»light» text_orientation=»left» use_border_color=»off» border_color=»#ffffff» border_style=»solid»]<br />
El día <strong>18 de marzo</strong> estará con nosotros<a href="https://www.linkedin.com/in/antonio-vicente-contreras-2727aa25/?originalSubdomain=es" target="_blank" rel="noopener noreferrer"><strong> Antonio Vicente Contreras</strong></a>, CEO AI TALENTUM &amp; IOTICS SOLUTIONS, impartiendo la charla «Las Matemáticas están en todas partes».<br />
Dicho evento tendrá lugar a las <strong>10:00 horas en las aulas 0.1 y 0.2 del edificio Torretamarit</strong> en el Campus de la UMH de Elche. Además, contaremos con un pequeño descanso para comer galletas en forma de pi acompañadas de un delicioso chocolate caliente.<br />
[box type=»bio»] <strong>Sobre Antonio Vicente Contreras: ITC expert and solid knowledge in economics and business . Degree in Economics at the University of Murcia and PhD studies in maths, engineering and computer science, with proven ability to manage multidisciplinary teams in technological companies. Working as a data scientist in «Artificial Intelligence Talentum” focused on Internet of Things projects.[/box] </strong><br />
<strong>SOBRE AI TALENTUM:</strong><br />
En <a href="http://www.aitalentum.com" target="_blank" rel="noopener noreferrer">Artificial Intelligence Talentum</a> son expertos en el diseño y desarrollo de algoritmos de inteligencia artificial para modelos de predicción. Sus sistemas expertos con capacidad de aprendizaje automáticos facilitan y automatizan el proceso de toma de decisiones en diferentes ámbitos de aplicación.<br />
Su experiencia se centra en cuatro áreas de interés: Finanzas, Energía, Industria 4.0 e Internet de las cosas.<br />
ÍNSCRIBETE AQUÍ: <a href="https://docs.google.com/forms/d/1skRXvK3yHMlH276Gg5_rxcLEfncA9wVbTGiz2DPzcKk/edit" target="_blank" data-saferedirecturl="https://www.google.com/url?q=https://docs.google.com/forms/d/1skRXvK3yHMlH276Gg5_rxcLEfncA9wVbTGiz2DPzcKk/edit&amp;source=gmail&amp;ust=1583231980895000&amp;usg=AFQjCNG9fniR5TUQ0-UgkkIjQ8V7OPxtCw" rel="noopener noreferrer">https://docs.google.com/forms/d/1skRXvK3yHMlH276Gg5_rxcLEfncA9wVbTGiz2DPzcKk</a><br />
[/et_pb_text][/et_pb_column][et_pb_column type=»1_2&#8243;][et_pb_image admin_label=»Imagen» src=»https://cio.umh.es/files/2020/02/Agregar-un-título-1.png» show_in_lightbox=»off» url_new_window=»off» use_overlay=»off» animation=»left» sticky=»off» align=»left» force_fullwidth=»off» always_center_on_mobile=»on» use_border_color=»off» border_color=»#ffffff» border_style=»solid»]<br />
[/et_pb_image][/et_pb_column][/et_pb_row][/et_pb_section][:]</p>

<p>[:es][et_pb_section admin_label=»section» transparent_background=»on» allow_player_pause=»off» inner_shadow=»off» parallax=»off» parallax_method=»off» padding_mobile=»off» make_fullwidth=»off» use_custom_width=»off» width_unit=»on» make_equal=»off» use_custom_gutter=»off»][et_pb_row admin_label=»row» make_fullwidth=»off» use_custom_width=»off» width_unit=»on» use_custom_gutter=»off» padding_mobile=»off» background_image=»https://cio.umh.es/files/2020/02/fondo-pizarra-matematicas-realista_23-2148163817.jpg» allow_player_pause=»off» parallax=»off» parallax_method=»off» make_equal=»off» parallax_1=»off» parallax_method_1=»off» column_padding_mobile=»on»][et_pb_column type=»4_4&#8243;][et_pb_text admin_label=»Texto» background_layout=»light» text_orientation=»left» use_border_color=»off» border_color=»#ffffff» border_style=»solid»]<br />
[/et_pb_text][/et_pb_column][/et_pb_row][et_pb_row admin_label=»Fila»][et_pb_column type=»1_2&#8243;][et_pb_text admin_label=»Texto» background_layout=»light» text_orientation=»left» use_border_color=»off» border_color=»#ffffff» border_style=»solid»]<br />
Este año, la UNESCO proclamó el día 14 de marzo como el Día Internacional de la [&#8230;]</p>
